{"id":2046,"date":"2019-04-28T21:03:27","date_gmt":"2019-04-28T21:03:27","guid":{"rendered":"http:\/\/www.sandie-brischler.com\/wp\/?page_id=2046"},"modified":"2019-04-28T21:06:24","modified_gmt":"2019-04-28T21:06:24","slug":"galerie-abla-ababou-rabat","status":"publish","type":"page","link":"https:\/\/www.sandie-brischler.com\/wp\/?page_id=2046","title":{"rendered":"Galerie Abla Ababou, Rabat (2019)"},"content":{"rendered":"<p>EXPOSITION COLLECTIVE<\/p>\n<p><em>Du jeudi 13 d\u00e9cembre au 30 janvier 2019, Abla ababou galerie vous invite \u00e0 d\u00e9couvrir 21 artistes de tous les horizons.\u00a0<\/em><\/p>\n<p>&nbsp;<\/p>\n<p><img loading=\"lazy\" decoding=\"async\" class=\"alignnone size-full wp-image-2047\" src=\"http:\/\/sandie-brischler.com\/wp\/wp-content\/uploads\/2019\/04\/abla.png\" alt=\"abla\" width=\"867\" height=\"869\" srcset=\"https:\/\/www.sandie-brischler.com\/wp\/wp-content\/uploads\/2019\/04\/abla.png 867w, https:\/\/www.sandie-brischler.com\/wp\/wp-content\/uploads\/2019\/04\/abla-150x150.png 150w, https:\/\/www.sandie-brischler.com\/wp\/wp-content\/uploads\/2019\/04\/abla-300x300.png 300w, https:\/\/www.sandie-brischler.com\/wp\/wp-content\/uploads\/2019\/04\/abla-768x770.png 768w, https:\/\/www.sandie-brischler.com\/wp\/wp-content\/uploads\/2019\/04\/abla-100x100.png 100w\" sizes=\"auto, (max-width: 867px) 100vw, 867px\" \/><\/p>\n<p><strong><em>Le petit format comme seul point commun.\u00a0<\/em><\/strong><\/p>\n<p>Dessins, aquarelles, peintures \u00e0 l\u2019huile et \u00e0 la bombe, collages, moulages sur pl\u00e2tre, sculptures sur pierre ou en bronze et inox, autant de techniques et de styles qui nous transportent dans diff\u00e9rents univers.<\/p>\n<p>Les artistes, reconnus ou \u00e9mergents ont jou\u00e9 le jeu pour se plier \u00e0 l\u2019exercice du petit format.<\/p>\n<p>Un moyen de rendre accessible l\u2019art aux plus grands nombres ou de faire plaisir \u00e0 ses proches en leur offrant des pi\u00e8ces uniques et \u00e9l\u00e9gantes pour cette fin d\u2019ann\u00e9e.<\/p>\n<p>Une fa\u00e7on aussi pour les artistes d\u2019investir une petite surface pour r\u00e9sumer leurs univers.<\/p>\n<p>Entre caricature \u00a0de nos soci\u00e9t\u00e9s avec Tarik Charrat et Hicham Matini qui d\u00e9noncent une uniformisation de la pens\u00e9e et le monde cosmique de Mounat Charrat, ou encore les paysages marocains parsem\u00e9s de marabout de Mohamed Mourabiti et Malika Demnati, la cr\u00e9ation foisonne et les id\u00e9es se bousculent.<\/p>\n<p>XS est une exposition o\u00f9 tous les coups de c\u0153ur sont permis, mais aussi un voyage \u00e0 travers une cr\u00e9ativit\u00e9 vari\u00e9e qui s\u2019adresse \u00e0 diff\u00e9rentes sensibilit\u00e9s.<br \/>\n<a tabindex=\"-1\" href=\"https:\/\/www.ablaababou.com\/new-page\" target=\"_blank\" rel=\"noopener noreferrer\">ablaababou.com\/new-page<\/a><\/p>\n<p>&nbsp;<\/p>\n<p><img loading=\"lazy\" decoding=\"async\" class=\"alignnone size-full wp-image-2048\" src=\"http:\/\/sandie-brischler.com\/wp\/wp-content\/uploads\/2019\/04\/abla2.jpg\" alt=\"abla2\" width=\"750\" height=\"500\" srcset=\"https:\/\/www.sandie-brischler.com\/wp\/wp-content\/uploads\/2019\/04\/abla2.jpg 750w, https:\/\/www.sandie-brischler.com\/wp\/wp-content\/uploads\/2019\/04\/abla2-300x200.jpg 300w\" sizes=\"auto, (max-width: 750px) 100vw, 750px\" \/><\/p>\n","protected":false},"excerpt":{"rendered":"<p>EXPOSITION COLLECTIVE Du jeudi 13 d\u00e9cembre au 30 janvier 2019, Abla ababou galerie vous invite \u00e0 d\u00e9couvrir 21 artistes de tous les horizons.\u00a0 &nbsp; Le petit format comme seul point commun.\u00a0 Dessins, aquarelles, peintures \u00e0 l\u2019huile et \u00e0 la bombe, collages, moulages sur pl\u00e2tre, sculptures sur pierre ou en bronze&hellip;<a class=\"read-more\" href=\"https:\/\/www.sandie-brischler.com\/wp\/?page_id=2046\" rel=\"bookmark\">Continue Reading<\/a><\/p>\n","protected":false},"author":2,"featured_media":0,"parent":0,"menu_order":0,"comment_status":"closed","ping_status":"closed","template":"","meta":{"footnotes":""},"tags":[],"class_list":["post-2046","page","type-page","status-publish","hentry"],"jetpack_sharing_enabled":true,"_links":{"self":[{"href":"https:\/\/www.sandie-brischler.com\/wp\/index.php?rest_route=\/wp\/v2\/pages\/2046","targetHints":{"allow":["GET"]}}],"collection":[{"href":"https:\/\/www.sandie-brischler.com\/wp\/index.php?rest_route=\/wp\/v2\/pages"}],"about":[{"href":"https:\/\/www.sandie-brischler.com\/wp\/index.php?rest_route=\/wp\/v2\/types\/page"}],"author":[{"embeddable":true,"href":"https:\/\/www.sandie-brischler.com\/wp\/index.php?rest_route=\/wp\/v2\/users\/2"}],"replies":[{"embeddable":true,"href":"https:\/\/www.sandie-brischler.com\/wp\/index.php?rest_route=%2Fwp%2Fv2%2Fcomments&post=2046"}],"version-history":[{"count":0,"href":"https:\/\/www.sandie-brischler.com\/wp\/index.php?rest_route=\/wp\/v2\/pages\/2046\/revisions"}],"wp:attachment":[{"href":"https:\/\/www.sandie-brischler.com\/wp\/index.php?rest_route=%2Fwp%2Fv2%2Fmedia&parent=2046"}],"wp:term":[{"taxonomy":"post_tag","embeddable":true,"href":"https:\/\/www.sandie-brischler.com\/wp\/index.php?rest_route=%2Fwp%2Fv2%2Ftags&post=2046"}],"curies":[{"name":"wp","href":"https:\/\/api.w.org\/{rel}","templated":true}]}}

<p>EXPOSITION COLLECTIVE</p>
<p><em>Du jeudi 13 décembre au 30 janvier 2019, Abla ababou galerie vous invite à découvrir 21 artistes de tous les horizons. </em></p>
<p>&nbsp;</p>
<p><img loading="lazy" decoding="async" class="alignnone size-full wp-image-2047" src="http://sandie-brischler.com/wp/wp-content/uploads/2019/04/abla.png" alt="abla" width="867" height="869" srcset="https://www.sandie-brischler.com/wp/wp-content/uploads/2019/04/abla.png 867w, https://www.sandie-brischler.com/wp/wp-content/uploads/2019/04/abla-150x150.png 150w, https://www.sandie-brischler.com/wp/wp-content/uploads/2019/04/abla-300x300.png 300w, https://www.sandie-brischler.com/wp/wp-content/uploads/2019/04/abla-768x770.png 768w, https://www.sandie-brischler.com/wp/wp-content/uploads/2019/04/abla-100x100.png 100w" sizes="auto, (max-width: 867px) 100vw, 867px" /></p>
<p><strong><em>Le petit format comme seul point commun. </em></strong></p>
<p>Dessins, aquarelles, peintures à l’huile et à la bombe, collages, moulages sur plâtre, sculptures sur pierre ou en bronze et inox, autant de techniques et de styles qui nous transportent dans différents univers.</p>
<p>Les artistes, reconnus ou émergents ont joué le jeu pour se plier à l’exercice du petit format.</p>
<p>Un moyen de rendre accessible l’art aux plus grands nombres ou de faire plaisir à ses proches en leur offrant des pièces uniques et élégantes pour cette fin d’année.</p>
<p>Une façon aussi pour les artistes d’investir une petite surface pour résumer leurs univers.</p>
<p>Entre caricature  de nos sociétés avec Tarik Charrat et Hicham Matini qui dénoncent une uniformisation de la pensée et le monde cosmique de Mounat Charrat, ou encore les paysages marocains parsemés de marabout de Mohamed Mourabiti et Malika Demnati, la création foisonne et les idées se bousculent.</p>
<p>XS est une exposition où tous les coups de cœur sont permis, mais aussi un voyage à travers une créativité variée qui s’adresse à différentes sensibilités.<br />
<a tabindex="-1" href="https://www.ablaababou.com/new-page" target="_blank" rel="noopener noreferrer">ablaababou.com/new-page</a></p>
<p>&nbsp;</p>
<p><img loading="lazy" decoding="async" class="alignnone size-full wp-image-2048" src="http://sandie-brischler.com/wp/wp-content/uploads/2019/04/abla2.jpg" alt="abla2" width="750" height="500" srcset="https://www.sandie-brischler.com/wp/wp-content/uploads/2019/04/abla2.jpg 750w, https://www.sandie-brischler.com/wp/wp-content/uploads/2019/04/abla2-300x200.jpg 300w" sizes="auto, (max-width: 750px) 100vw, 750px" /></p>

<p>EXPOSITION COLLECTIVE Du jeudi 13 décembre au 30 janvier 2019, Abla ababou galerie vous invite à découvrir 21 artistes de tous les horizons.  &nbsp; Le petit format comme seul point commun.  Dessins, aquarelles, peintures à l’huile et à la bombe, collages, moulages sur plâtre, sculptures sur pierre ou en bronze&hellip;<a class="read-more" href="https://www.sandie-brischler.com/wp/?page_id=2046" rel="bookmark">Continue Reading</a></p>
